e the prime factors of j?
2, 43
Let d be (-82)/(-2*4/(-8)). Suppose -155 - 653 = -8*h. Let g = h + d. List the prime factors of g.
19
Suppose 13*k + 2*k - 95690 = k. List the prime factors of k.
5, 1367
Suppose 53035 + 287613 = 67*w + 10*w. What are the prime factors of w?
2, 7, 79
Suppose 225*g - 344*g = -349686 - 158801. List the prime factors of g.
4273
Let i(p) = -2*p**3 - 17*p**2 - 52*p - 1018. What are the prime factors of i(-26)?
2, 3, 31, 43
Let w = -405 + 1617. Suppose -4*o + 2*o = -8, -3*o = 4*t - w. List the prime factors of t.
2, 3, 5
Let m(a) be the third derivative of 0 + 0*a - 15/2*a**3 - 3/4*a**4 - 12*a**2. What are the prime factors of m(-9)?
3, 13
Let h be 2*-1*(-23 + 10). Suppose -s = h + 23. Let o = s - -124. What are the prime factors of o?
3, 5
Let a(x) be the third derivative of x**6/120 + 5*x**5/12 - 41*x**4/24 + 49*x**3/6 - 2*x**2 - 18. What are the prime factors of a(-24)?
1609
Let l = -1208 - -607. Let k = l + 1396. What are the prime factors of k?
3, 5, 53
Let i(f) be the third derivative of -f**5/60 + 5*f**4/8 + 8*f**3/3 - 3*f**2. Let d be i(15). What are the prime factors of 2*3*(6 + d)?
2, 3, 11
Let j(n) = -17*n**3 - 5*n**2 - 2*n + 5. Let f be j(-3). Suppose f = 9*t - 8*t. List the prime factors of t.
5, 17
List the prime factors of 4071767/472 - (0 + (-3)/8).
8627
Suppose 3*d + 168*k - 224788 = 164*k, -4*d - 4*k = -299720. What are the prime factors of d?
2, 11, 13, 131
Let l = -5918 - -11400. What are the prime factors of l?
2, 2741
Let d be 3/((-18)/(-10) + -2). Let o(j) = -187*j - 1440. Let r be o(-8). Let t = d + r. What are the prime factors of t?
41
Let u be 15/(-2*4/8). Let q = u - -14. Let k = 48 + q. List the prime factors of k.
47
Let d = 358 - 174. Suppose -2*w = -5*w - 4*j - d, 0 = 2*w - 5*j + 138. List the prime factors of (-1406)/(-10) + -1 + w/(-160).
2, 5, 7
Let y(g) = 7*g - 13. Let s(j) = -j**3 + 6*j**2 - 9*j + 8. Let a be s(4). What are the prime factors of y(a)?
3, 5
List the prime factors of 20/330 - 11/(363/(-420814)).
2, 797
Let g(b) = b**3 + 26*b**2 + 22*b - 79. Let r be g(-25). Let u(y) = 18*y - 2. Let l be u(-4). Let m = r - l. List the prime factors of m.
2, 5, 7
Let c be 3 + (-4 - (-1 - 0)). Suppose 3*i - 7 = i + 3*v, -3*v + 7 = 5*i. Suppose c = 3*l - k + 4*k - 69, 5*l = -i*k + 112. What are the prime factors of l?
2, 11
Let d(j) = -3*j**2 + 2*j + 3. Let z(k) = -k**2 + k + 1. Let h(y) = 2*d(y) - 5*z(y). Let f be h(-2). Let g = 17 - f. What are the prime factors of g?
2, 3
Let l be 64/14 - (-20)/(-35). Suppose l*i - 5 = 3*i. Suppose -i*c + 323 = 2*s, 0 = -4*c - 0*c + 20. List the prime factors of s.
149
Let p = -71 + 270. Suppose -4*r + 5*b + 113 = -2*r, b + p = 4*r. Suppose 2*w - k = 16, 2*k - 10 + r = 5*w. What are the prime factors of w?
7
Suppose -4*m - 7*p + 3*p = -216, -m + 46 = -3*p. Suppose 4*g + m + 224 = 0. Let c = 30 - g. What are the prime factors of c?
3, 11
Let x(b) = 3*b + 16. Let l = 185 - 174. What are the prime factors of x(l)?
7
Suppose 2*s + 3*k = 281, 12 + 131 = s + 4*k. Suppose -2*m = -s - 11. Suppose y - m = -t, -4*t + 5*y = -5*t + 75. What are the prime factors of t?
3, 5
Let x(r) be the first derivative of -r**2 - 16*r + 24. Let s be x(-8). What are the prime factors of (39 + 4/(-2))/(1 - s)?
37
What are the prime factors of (87 - 86) + (-1 - -26755) + -3?
2, 11, 19
Suppose -j = -r + 4182 + 11546, -2*r + 3*j + 31461 = 0. List the prime factors of r.
3, 1747
What are the prime factors of 2*2 + -35*28008/(-60)?
2, 8171
Let a(f) = 24*f**3 + 7*f**2 + 24*f - 59. List the prime factors of a(6).
5521
Let s(w) = 7*w - 29. Let i be ((-575)/(-20))/5 - 3/4. Let v be s(i). Suppose -9*p + v*p + 564 = 0. What are the prime factors of p?
2, 47
Let u = -19 - -37. Suppose 22*j = 23*j - u. Suppose -21*f = -j*f - 93. List the prime factors of f.
31
Let n = -5496 + 15748. What are the prime factors of n?
2, 11, 233
Let a(t) = -t**3 - 3*t**2 + 7*t - 2. Suppose 24 = 3*j - 141. Let z = -62 + j. What are the prime factors of a(z)?
5, 29
Let w = 5 + -2. Let p be 1202/12 + 62/(-372). List the prime factors of p - (w + (0 - -1) + -3).
3, 11
Suppose -1 = -z, 31*i - 16338 = 29*i - 2*z. List the prime factors of i.
2, 1021
Let n(f) = -f**3 + 31*f**2 + 61*f - 39. What are the prime factors of n(22)?
5659
Suppose 66*k - 36 = 70*k. List the prime factors of (-8)/(-12) + (-2676)/k.
2, 149
Let a = 73 + -47. List the prime factors of 365 + (5/(-2) - (-39)/a).
2, 7, 13
Let m = 54030 - 23490. List the prime factors of m.
2, 3, 5, 509
Let f = 10991 - -21637. List the prime factors of f.
2, 3, 2719
Suppose -2*j + 16 = 4*u, -3*j - 2*j - 2*u = -16. Suppose 5*p = 2*v - 2318, -2785 = -2*v + j*p - 467. What are the prime factors of v?
19, 61
Let d(g) = 16*g**2 - 71*g + 16. Let o(m) = -35*m**2 + 142*m - 33. Let v(f) = 13*d(f) + 6*o(f). What are the prime factors of v(-25)?
5, 107
Let j(q) = 3020*q + 8. Let d be j(-1). Let p be (-6)/21 + d/42. List the prime factors of 28*(-13)/(364/p).
2, 3
Let d be 12310/8 - (-11)/(132/(-9)). Suppose d + 486 = 4*i. List the prime factors of i.
2, 11, 23
Let g = -2497 + 7858. What are the prime factors of g?
3, 1787
List the prime factors of (-230252)/(-18) + (32/(-20) - (-5494)/3015).
2, 3, 13, 41
Suppose 2*o - 50 = -4*f, 2*f + 0*f + 4*o = 16. Let b(w) = 2*w**2 + 13*w - 29. List the prime factors of b(f).
5, 109
Suppose 16*y + 334906 = -12*y + 1958906. List the prime factors of y.
2, 5, 29
Suppose -7*j = 3*j - 70. Let z(p) = -3*p**2 + 52*p**3 + j - 3*p + 48*p**3 - 99*p**3 + 17*p**2. List the prime factors of z(-13).
5, 43
Suppose 630801 = 54*y + 7*y. List the prime factors of y.
3, 383
Let h = 2034 + 3557. List the prime factors of h.
5591
Let u = 25 - -7. List the prime factors of (u/20)/(4/10) - -336.
2, 5, 17
Let j(q) = 332*q**2 + 15*q - 27. Suppose -5*r - 35*c + 38*c + 7 = 0, r = -2*c + 4. What are the prime factors of j(r)?
11
Let g(s) = -4*s + 13. Let v be g(9). Let m(d) = -3*d + 11. Let a be m(v). Suppose 5*k - a = -0*k. List the prime factors of k.
2
Let t be 255/17*(-1)/(-3). Suppose 243 - 2123 = -t*x. Suppose q - x + 52 = -4*r, -168 = -2*r - 2*q. List the prime factors of r.
2, 5
Suppose -6*k + 21 = -21. Let f(b) = 91*b + 9. Let v(i) = -274*i - 27. Let d(p) = k*f(p) + 2*v(p). List the prime factors of d(2).
11, 17
Let w(q) = 79*q**2 + 11*q + 110. What are the prime factors of w(-4)?
2, 5, 7, 19
Suppose 0 = -30*q + 74*q - 186912. What are the prime factors of q?
2, 3, 59
Let k = -102 + 150. Let r(a) = k*a - 41*a - 64 + 122 + 146. What are the prime factors of r(0)?
2, 3, 17
Let d(h) = -13*h + 26. Suppose 47*n - 49*n - 10 = 0. List the prime factors of d(n).
7, 13
Let k(p) = -15*p + 78. Suppose 0 = 14*t - 9*t + 65. What are the prime factors of k(t)?
3, 7, 13
Suppose 3*l - 4*k - 37 = 0, -3*l = -2*k + k - 25. Suppose 91 = 6*o + l*o. What are the prime factors of 5/(-140)*4 - (-85)/o?
2, 3
Let c(m) = -22 + m - 16 + 2*m**2 + 45 + m**3. Let a be c(0). Let p(j) = -j**3 + 9*j**2 - 12*j - 5. What are the prime factors of p(a)?
3
Let c(p) be the first derivative of 56*p**3/3 - 3*p**2/2 + 3*p + 165. List the prime factors of c(2).
13, 17
Let v(i) be the first derivative of 5*i**2 - 3*i + 4*i**3 + 1/4*i**4 - 27. List the prime factors of v(-9).
2, 3, 5
Let t(d) = 4*d + 4. Let l be t(0). Suppose -2*o - 522 = -l*o. What are the prime factors of o?
3, 29
Suppose -2*m + 5*v = -906, -m - m = -3*v - 902. Let a be 3/(54/(-4)) - m/(-72). Suppose 2*d = a*d - 28. List the prime factors of d.
7
Suppose 15 = 3*z - 2*z - 4*k, 12 = -4*z - 2*k. What are the prime factors of ((5 + -4 - z) + -12)*-14?
2, 5, 7
Let d(k) = 16*k - 61. Let p be d(4). What are the prime factors of 11/((-297)/(-14787)) + 1/p?
2, 137
Let q(a) = 2*a**3 - 31*a**2 - 259*a + 181. What are the prime factors of q(27)?
5, 11, 181
Let h = -19502 - -23180. List the prime factors of h.
2, 3, 613
Suppose -5*l + 35623 = -4*h, -4*l + 63*h = 67*h - 28520. List the prime factors of l.
7127
Let m(t) be the first derivative of -t**4 + t**3/3 + 2*t**2 - 23*t - 84. List the prime factors of m(-4).
233
Let y = -107 + 21. Suppose 492 + 124 = 4*o. Let u = o + y. What are the prime factors of u?
2, 17
Suppose 4*u - 104480 = -4*f, -2*f - 3*u = -6*f + 104529. What are the prime factors of f?
3, 2903
Let n(y) = -7*y + 37. Let t be n(6).